{"id":682,"date":"2022-10-24T18:03:16","date_gmt":"2022-10-24T18:03:16","guid":{"rendered":"https:\/\/columnayesperanzalucena.es\/?page_id=682"},"modified":"2024-05-26T06:56:52","modified_gmt":"2024-05-26T06:56:52","slug":"reglasyestatutos","status":"publish","type":"page","link":"https:\/\/columnayesperanzalucena.es\/?page_id=682","title":{"rendered":"REGLAS Y ESTATUTOS"},"content":{"rendered":"\n[et_pb_section fb_built=\u00bb1&#8243; _builder_version=\u00bb4.18.0&#8243; _module_preset=\u00bbdefault\u00bb global_colors_info=\u00bb{}\u00bb][et_pb_row _builder_version=\u00bb4.18.0&#8243; _module_preset=\u00bbdefault\u00bb global_colors_info=\u00bb{}\u00bb][et_pb_column type=\u00bb4_4&#8243; _builder_version=\u00bb4.18.0&#8243; _module_preset=\u00bbdefault\u00bb global_colors_info=\u00bb{}\u00bb][et_pb_text _builder_version=\u00bb4.18.0&#8243; _module_preset=\u00bbdefault\u00bb text_font=\u00bb|700|||||||\u00bb text_text_color=\u00bb#000000&#8243; text_font_size=\u00bb30px\u00bb text_line_height=\u00bb1.8em\u00bb global_colors_info=\u00bb{}\u00bb]<p><span><span style=\"color: #1500a0;\">||<\/span> Reglas y Estatutos<\/span><\/p>[\/et_pb_text][\/et_pb_column][\/et_pb_row][et_pb_row _builder_version=\u00bb4.18.0&#8243; _module_preset=\u00bbdefault\u00bb global_colors_info=\u00bb{}\u00bb][et_pb_column type=\u00bb4_4&#8243; _builder_version=\u00bb4.18.0&#8243; _module_preset=\u00bbdefault\u00bb global_colors_info=\u00bb{}\u00bb][et_pb_image src=\u00bbhttps:\/\/columnayesperanzalucena.es\/wp-content\/uploads\/2024\/05\/Diseno-sin-titulo-11.png\u00bb title_text=\u00bbDise\u00f1o sin t\u00edtulo (11)\u00bb align=\u00bbcenter\u00bb _builder_version=\u00bb4.25.1&#8243; _module_preset=\u00bbdefault\u00bb height=\u00bb225px\u00bb global_colors_info=\u00bb{}\u00bb][\/et_pb_image][\/et_pb_column][\/et_pb_row][et_pb_row _builder_version=\u00bb4.18.0&#8243; _module_preset=\u00bbdefault\u00bb global_colors_info=\u00bb{}\u00bb][et_pb_column type=\u00bb4_4&#8243; _builder_version=\u00bb4.18.0&#8243; _module_preset=\u00bbdefault\u00bb global_colors_info=\u00bb{}\u00bb][\/et_pb_column][\/et_pb_row][et_pb_row _builder_version=\u00bb4.18.0&#8243; _module_preset=\u00bbdefault\u00bb global_colors_info=\u00bb{}\u00bb][et_pb_column type=\u00bb4_4&#8243; _builder_version=\u00bb4.18.0&#8243; _module_preset=\u00bbdefault\u00bb global_colors_info=\u00bb{}\u00bb][et_pb_text _builder_version=\u00bb4.18.0&#8243; _dynamic_attributes=\u00bblink_option_url\u00bb _module_preset=\u00bbdefault\u00bb text_font=\u00bb|700|||||||\u00bb text_line_height=\u00bb1em\u00bb link_option_url=\u00bb@ET-DC@eyJkeW5hbWljIjp0cnVlLCJjb250ZW50IjoicG9zdF9saW5rX3VybF9hdHRhY2htZW50Iiwic2V0dGluZ3MiOnsicG9zdF9pZCI6IjY4NiJ9fQ==@\u00bb link_option_url_new_window=\u00bbon\u00bb global_colors_info=\u00bb{}\u00bb]<p style=\"text-align: center;\">ESTATUTOS COFRAD\u00cdA NUESTRO<\/p>\n<p style=\"text-align: center;\">PADRE JES\u00daS DE LA COLUMNA Y<\/p>\n<p style=\"text-align: center;\">MAR\u00cdA SANT\u00cdSIMA DE LA PAZ Y ESPERANZA<\/p>[\/et_pb_text][\/et_pb_column][\/et_pb_row][et_pb_row _builder_version=\u00bb4.18.0&#8243; _module_preset=\u00bbdefault\u00bb global_colors_info=\u00bb{}\u00bb][et_pb_column type=\u00bb4_4&#8243; _builder_version=\u00bb4.18.0&#8243; _module_preset=\u00bbdefault\u00bb global_colors_info=\u00bb{}\u00bb][et_pb_button button_url=\u00bb@ET-DC@eyJkeW5hbWljIjp0cnVlLCJjb250ZW50IjoicG9zdF9saW5rX3VybF9hdHRhY2htZW50Iiwic2V0dGluZ3MiOnsicG9zdF9pZCI6IjY4NiJ9fQ==@\u00bb url_new_window=\u00bbon\u00bb button_text=\u00bbEstatutos Cofrad\u00eda Ntro. Padre Jes\u00fas de la Columna y M\u00aa Stsma. de la Paz y Esperanza\u00bb button_alignment=\u00bbcenter\u00bb _builder_version=\u00bb4.18.0&#8243; _dynamic_attributes=\u00bbbutton_url\u00bb _module_preset=\u00bbdefault\u00bb custom_button=\u00bbon\u00bb button_text_color=\u00bb#FFFFFF\u00bb button_bg_color=\u00bb#681310&#8243; button_border_radius=\u00bb20px\u00bb button_icon=\u00bb&#xf56d;||fa||900&#8243; button_icon_placement=\u00bbleft\u00bb button_on_hover=\u00bboff\u00bb global_colors_info=\u00bb{}\u00bb][\/et_pb_button][\/et_pb_column][\/et_pb_row][et_pb_row _builder_version=\u00bb4.18.0&#8243; _module_preset=\u00bbdefault\u00bb global_colors_info=\u00bb{}\u00bb][et_pb_column type=\u00bb4_4&#8243; _builder_version=\u00bb4.18.0&#8243; _module_preset=\u00bbdefault\u00bb global_colors_info=\u00bb{}\u00bb][et_pb_social_media_follow _builder_version=\u00bb4.18.0&#8243; _module_preset=\u00bbdefault\u00bb text_orientation=\u00bbcenter\u00bb global_colors_info=\u00bb{}\u00bb][et_pb_social_media_follow_network social_network=\u00bbinstagram\u00bb url=\u00bbhttps:\/\/www.instagram.com\/columna_esperanza\/\u00bb _builder_version=\u00bb4.18.0&#8243; _module_preset=\u00bbdefault\u00bb background_color=\u00bb#ea2c59&#8243; global_colors_info=\u00bb{}\u00bb follow_button=\u00bboff\u00bb url_new_window=\u00bbon\u00bb]instagram[\/et_pb_social_media_follow_network][et_pb_social_media_follow_network social_network=\u00bbfacebook\u00bb url=\u00bbhttps:\/\/www.facebook.com\/Cofrad%C3%ADa-de-Ntro-Padre-Jes%C3%BAs-de-la-Columna-1634878340090329\/\u00bb _builder_version=\u00bb4.18.0&#8243; _module_preset=\u00bbdefault\u00bb background_color=\u00bb#3b5998&#8243; global_colors_info=\u00bb{}\u00bb follow_button=\u00bboff\u00bb url_new_window=\u00bbon\u00bb]facebook[\/et_pb_social_media_follow_network][et_pb_social_media_follow_network social_network=\u00bbtwitter\u00bb url=\u00bbhttps:\/\/twitter.com\/lacolumnalucena?lang=es\u00bb _builder_version=\u00bb4.22.2&#8243; _module_preset=\u00bbdefault\u00bb background_color=\u00bb#000000&#8243; global_colors_info=\u00bb{}\u00bb follow_button=\u00bboff\u00bb url_new_window=\u00bbon\u00bb]twitter[\/et_pb_social_media_follow_network][\/et_pb_social_media_follow][\/et_pb_column][\/et_pb_row][\/et_pb_section][et_pb_section fb_built=\u00bb1&#8243; specialty=\u00bbon\u00bb admin_label=\u00bbFeatured\u00bb _builder_version=\u00bb4.18.0&#8243; background_color=\u00bb#000000&#8243; use_background_color_gradient=\u00bbon\u00bb background_color_gradient_stops=\u00bb#ffffff 0%|rgba(255,255,255,0) 100%\u00bb background_color_gradient_overlays_image=\u00bbon\u00bb background_color_gradient_start=\u00bb#ffffff\u00bb background_color_gradient_end=\u00bbrgba(255,255,255,0)\u00bb background_image=\u00bbhttps:\/\/columnayesperanzalucena.es\/wp-content\/uploads\/2022\/09\/C-O-L-U-M-N-A-03.-scaled.jpg\u00bb custom_padding=\u00bb0|0px|82px|0px|false|false\u00bb bottom_divider_style=\u00bbramp\u00bb bottom_divider_color=\u00bb#000000&#8243; locked=\u00bboff\u00bb global_colors_info=\u00bb{}\u00bb][et_pb_column type=\u00bb1_2&#8243; specialty_columns=\u00bb2&#8243; _builder_version=\u00bb4.16&#8243; custom_padding=\u00bb|||\u00bb global_colors_info=\u00bb{}\u00bb custom_padding__hover=\u00bb|||\u00bb][\/et_pb_column][et_pb_column type=\u00bb1_2&#8243; _builder_version=\u00bb4.16&#8243; custom_padding=\u00bb|||\u00bb global_colors_info=\u00bb{}\u00bb custom_padding__hover=\u00bb|||\u00bb][et_pb_button button_url=\u00bb@ET-DC@eyJkeW5hbWljIjp0cnVlLCJjb250ZW50IjoicG9zdF9saW5rX3VybF9wYWdlIiwic2V0dGluZ3MiOnsicG9zdF9pZCI6IjQ4OCJ9fQ==@\u00bb button_text=\u00bbHAZTE HERMANO\u00bb button_alignment=\u00bbright\u00bb _builder_version=\u00bb4.18.0&#8243; _dynamic_attributes=\u00bbbutton_url\u00bb _module_preset=\u00bbdefault\u00bb custom_button=\u00bbon\u00bb button_text_size=\u00bb20px\u00bb button_text_color=\u00bb#FFFFFF\u00bb button_bg_color=\u00bb#681310&#8243; button_border_radius=\u00bb30px\u00bb button_font=\u00bb|700|||||||\u00bb button_use_icon=\u00bboff\u00bb global_colors_info=\u00bb{}\u00bb][\/et_pb_button][et_pb_button button_url=\u00bb@ET-DC@eyJkeW5hbWljIjp0cnVlLCJjb250ZW50IjoicG9zdF9saW5rX3VybF9wYWdlIiwic2V0dGluZ3MiOnsicG9zdF9pZCI6IjY5NCJ9fQ==@\u00bb button_text=\u00bbDONATIVO\u00bb button_alignment=\u00bbright\u00bb _builder_version=\u00bb4.18.0&#8243; _dynamic_attributes=\u00bbbutton_url\u00bb _module_preset=\u00bbdefault\u00bb custom_button=\u00bbon\u00bb button_text_size=\u00bb20px\u00bb button_text_color=\u00bb#FFFFFF\u00bb button_bg_color=\u00bb#681310&#8243; button_border_radius=\u00bb30px\u00bb button_font=\u00bb|700|||||||\u00bb button_use_icon=\u00bboff\u00bb global_colors_info=\u00bb{}\u00bb][\/et_pb_button][\/et_pb_column][\/et_pb_section]\n","protected":false},"excerpt":{"rendered":"<p>|| Reglas y EstatutosESTATUTOS COFRAD\u00cdA NUESTRO PADRE JES\u00daS DE LA COLUMNA Y MAR\u00cdA SANT\u00cdSIMA DE LA PAZ Y ESPERANZA<\/p>\n","protected":false},"author":1,"featured_media":0,"parent":0,"menu_order":0,"comment_status":"closed","ping_status":"closed","template":"","meta":{"_et_pb_use_builder":"on","_et_pb_old_content":"","_et_gb_content_width":"","footnotes":""},"class_list":["post-682","page","type-page","status-publish","hentry"],"jetpack_sharing_enabled":true,"_links":{"self":[{"href":"https:\/\/columnayesperanzalucena.es\/index.php?rest_route=\/wp\/v2\/pages\/682","targetHints":{"allow":["GET"]}}],"collection":[{"href":"https:\/\/columnayesperanzalucena.es\/index.php?rest_route=\/wp\/v2\/pages"}],"about":[{"href":"https:\/\/columnayesperanzalucena.es\/index.php?rest_route=\/wp\/v2\/types\/page"}],"author":[{"embeddable":true,"href":"https:\/\/columnayesperanzalucena.es\/index.php?rest_route=\/wp\/v2\/users\/1"}],"replies":[{"embeddable":true,"href":"https:\/\/columnayesperanzalucena.es\/index.php?rest_route=%2Fwp%2Fv2%2Fcomments&post=682"}],"version-history":[{"count":16,"href":"https:\/\/columnayesperanzalucena.es\/index.php?rest_route=\/wp\/v2\/pages\/682\/revisions"}],"predecessor-version":[{"id":986,"href":"https:\/\/columnayesperanzalucena.es\/index.php?rest_route=\/wp\/v2\/pages\/682\/revisions\/986"}],"wp:attachment":[{"href":"https:\/\/columnayesperanzalucena.es\/index.php?rest_route=%2Fwp%2Fv2%2Fmedia&parent=682"}],"curies":[{"name":"wp","href":"https:\/\/api.w.org\/{rel}","templated":true}]}}

[et_pb_section fb_built=»1&#8243; _builder_version=»4.18.0&#8243; _module_preset=»default» global_colors_info=»{}»][et_pb_row _builder_version=»4.18.0&#8243; _module_preset=»default» global_colors_info=»{}»][et_pb_column type=»4_4&#8243; _builder_version=»4.18.0&#8243; _module_preset=»default» global_colors_info=»{}»][et_pb_text _builder_version=»4.18.0&#8243; _module_preset=»default» text_font=»|700|||||||» text_text_color=»#000000&#8243; text_font_size=»30px» text_line_height=»1.8em» global_colors_info=»{}»]<p><span><span style="color: #1500a0;">||</span> Reglas y Estatutos</span></p>[/et_pb_text][/et_pb_column][/et_pb_row][et_pb_row _builder_version=»4.18.0&#8243; _module_preset=»default» global_colors_info=»{}»][et_pb_column type=»4_4&#8243; _builder_version=»4.18.0&#8243; _module_preset=»default» global_colors_info=»{}»][et_pb_image src=»https://columnayesperanzalucena.es/wp-content/uploads/2024/05/Diseno-sin-titulo-11.png» title_text=»Diseño sin título (11)» align=»center» _builder_version=»4.25.1&#8243; _module_preset=»default» height=»225px» global_colors_info=»{}»][/et_pb_image][/et_pb_column][/et_pb_row][et_pb_row _builder_version=»4.18.0&#8243; _module_preset=»default» global_colors_info=»{}»][et_pb_column type=»4_4&#8243; _builder_version=»4.18.0&#8243; _module_preset=»default» global_colors_info=»{}»][/et_pb_column][/et_pb_row][et_pb_row _builder_version=»4.18.0&#8243; _module_preset=»default» global_colors_info=»{}»][et_pb_column type=»4_4&#8243; _builder_version=»4.18.0&#8243; _module_preset=»default» global_colors_info=»{}»][et_pb_text _builder_version=»4.18.0&#8243; _dynamic_attributes=»link_option_url» _module_preset=»default» text_font=»|700|||||||» text_line_height=»1em» link_option_url=»@ET-DC@eyJkeW5hbWljIjp0cnVlLCJjb250ZW50IjoicG9zdF9saW5rX3VybF9hdHRhY2htZW50Iiwic2V0dGluZ3MiOnsicG9zdF9pZCI6IjY4NiJ9fQ==@» link_option_url_new_window=»on» global_colors_info=»{}»]<p style="text-align: center;">ESTATUTOS COFRADÍA NUESTRO</p>
<p style="text-align: center;">PADRE JESÚS DE LA COLUMNA Y</p>
<p style="text-align: center;">MARÍA SANTÍSIMA DE LA PAZ Y ESPERANZA</p>[/et_pb_text][/et_pb_column][/et_pb_row][et_pb_row _builder_version=»4.18.0&#8243; _module_preset=»default» global_colors_info=»{}»][et_pb_column type=»4_4&#8243; _builder_version=»4.18.0&#8243; _module_preset=»default» global_colors_info=»{}»][et_pb_button button_url=»@ET-DC@eyJkeW5hbWljIjp0cnVlLCJjb250ZW50IjoicG9zdF9saW5rX3VybF9hdHRhY2htZW50Iiwic2V0dGluZ3MiOnsicG9zdF9pZCI6IjY4NiJ9fQ==@» url_new_window=»on» button_text=»Estatutos Cofradía Ntro. Padre Jesús de la Columna y Mª Stsma. de la Paz y Esperanza» button_alignment=»center» _builder_version=»4.18.0&#8243; _dynamic_attributes=»button_url» _module_preset=»default» custom_button=»on» button_text_color=»#FFFFFF» button_bg_color=»#681310&#8243; button_border_radius=»20px» button_icon=»&#xf56d;||fa||900&#8243; button_icon_placement=»left» button_on_hover=»off» global_colors_info=»{}»][/et_pb_button][/et_pb_column][/et_pb_row][et_pb_row _builder_version=»4.18.0&#8243; _module_preset=»default» global_colors_info=»{}»][et_pb_column type=»4_4&#8243; _builder_version=»4.18.0&#8243; _module_preset=»default» global_colors_info=»{}»][et_pb_social_media_follow _builder_version=»4.18.0&#8243; _module_preset=»default» text_orientation=»center» global_colors_info=»{}»][et_pb_social_media_follow_network social_network=»instagram» url=»https://www.instagram.com/columna_esperanza/» _builder_version=»4.18.0&#8243; _module_preset=»default» background_color=»#ea2c59&#8243; global_colors_info=»{}» follow_button=»off» url_new_window=»on»]instagram[/et_pb_social_media_follow_network][et_pb_social_media_follow_network social_network=»facebook» url=»https://www.facebook.com/Cofrad%C3%ADa-de-Ntro-Padre-Jes%C3%BAs-de-la-Columna-1634878340090329/» _builder_version=»4.18.0&#8243; _module_preset=»default» background_color=»#3b5998&#8243; global_colors_info=»{}» follow_button=»off» url_new_window=»on»]facebook[/et_pb_social_media_follow_network][et_pb_social_media_follow_network social_network=»twitter» url=»https://twitter.com/lacolumnalucena?lang=es» _builder_version=»4.22.2&#8243; _module_preset=»default» background_color=»#000000&#8243; global_colors_info=»{}» follow_button=»off» url_new_window=»on»]twitter[/et_pb_social_media_follow_network][/et_pb_social_media_follow][/et_pb_column][/et_pb_row][/et_pb_section][et_pb_section fb_built=»1&#8243; specialty=»on» admin_label=»Featured» _builder_version=»4.18.0&#8243; background_color=»#000000&#8243; use_background_color_gradient=»on» background_color_gradient_stops=»#ffffff 0%|rgba(255,255,255,0) 100%» background_color_gradient_overlays_image=»on» background_color_gradient_start=»#ffffff» background_color_gradient_end=»rgba(255,255,255,0)» background_image=»https://columnayesperanzalucena.es/wp-content/uploads/2022/09/C-O-L-U-M-N-A-03.-scaled.jpg» custom_padding=»0|0px|82px|0px|false|false» bottom_divider_style=»ramp» bottom_divider_color=»#000000&#8243; locked=»off» global_colors_info=»{}»][et_pb_column type=»1_2&#8243; specialty_columns=»2&#8243; _builder_version=»4.16&#8243; custom_padding=»|||» global_colors_info=»{}» custom_padding__hover=»|||»][/et_pb_column][et_pb_column type=»1_2&#8243; _builder_version=»4.16&#8243; custom_padding=»|||» global_colors_info=»{}» custom_padding__hover=»|||»][et_pb_button button_url=»@ET-DC@eyJkeW5hbWljIjp0cnVlLCJjb250ZW50IjoicG9zdF9saW5rX3VybF9wYWdlIiwic2V0dGluZ3MiOnsicG9zdF9pZCI6IjQ4OCJ9fQ==@» button_text=»HAZTE HERMANO» button_alignment=»right» _builder_version=»4.18.0&#8243; _dynamic_attributes=»button_url» _module_preset=»default» custom_button=»on» button_text_size=»20px» button_text_color=»#FFFFFF» button_bg_color=»#681310&#8243; button_border_radius=»30px» button_font=»|700|||||||» button_use_icon=»off» global_colors_info=»{}»][/et_pb_button][et_pb_button button_url=»@ET-DC@eyJkeW5hbWljIjp0cnVlLCJjb250ZW50IjoicG9zdF9saW5rX3VybF9wYWdlIiwic2V0dGluZ3MiOnsicG9zdF9pZCI6IjY5NCJ9fQ==@» button_text=»DONATIVO» button_alignment=»right» _builder_version=»4.18.0&#8243; _dynamic_attributes=»button_url» _module_preset=»default» custom_button=»on» button_text_size=»20px» button_text_color=»#FFFFFF» button_bg_color=»#681310&#8243; button_border_radius=»30px» button_font=»|700|||||||» button_use_icon=»off» global_colors_info=»{}»][/et_pb_button][/et_pb_column][/et_pb_section]

<p>|| Reglas y EstatutosESTATUTOS COFRADÍA NUESTRO PADRE JESÚS DE LA COLUMNA Y MARÍA SANTÍSIMA DE LA PAZ Y ESPERANZA</p>
